{"id":1001,"date":"2022-05-18T11:17:07","date_gmt":"2022-05-18T11:17:07","guid":{"rendered":"https:\/\/accordpropiedades.com.ar\/?post_type=product&#038;p=1001"},"modified":"2026-01-19T23:21:09","modified_gmt":"2026-01-19T23:21:09","slug":"se-alquila-en-importante-inmueble-comercial","status":"publish","type":"product","link":"https:\/\/accordpropiedades.com.ar\/index.php\/producto\/se-alquila-en-importante-inmueble-comercial\/","title":{"rendered":"SE ALQUILA EN  IMPORTANTE INMUEBLE COMERCIAL"},"content":{"rendered":"<p><span lang=\"ES\"> AMPLIA\u00a0 OFICINA \u00a0UBICADA EN COLECTORA PANAMERICANA OESTE NRO. 25.700-PRIMER PISO-DON TORCUATO \u2013PARTIDO DE TIGRE-PROVINCIA DE BUENOS AIRES<\/span><\/p>\n<p><span lang=\"ES\">\u00a0A ESTRENAR : SOBRE S\u00d3LIDA CONSTRUCCION EN LOSA DE HORMIG\u00d3N ARMADO- MAMPOSTER\u00cdA EN LADRILLOS PORTANTES REVOCADOS CON ESCALERA DE HORMIG\u00d3N CON ENTRADA INDEPENDIENTE.( ESTRUCTURA PREPARADA PARA FUTURA INSTALACI\u00d3N DE ASCENSOR.)<\/span><\/p>\n<p><span lang=\"ES\">DIMENSIONES. 10 METROS DE FRENTE POR 21 METROS DE FONDO CON 2 AMPLIOS BA\u00d1OS Y KITCHENETTE, AMPLIOS VENTANALES CON EFICIENTE ILUMINACI\u00d3N NATURAL POR LA ORIENTACI\u00d3N DEL INMUEBLE.-<\/span><\/p>\n<p>PISOS EN PORCELANATO ANTIDESLIZANTE<\/p>\n<p>DESCRIPCION:<\/p>\n<p>HALL DE ENTRADA&#8230;&#8230;&#8230;&#8230;&#8230;.28m2<\/p>\n<p>OFICINA AL FRENTE&#8230;&#8230;&#8230;&#8230;..70m2<\/p>\n<p>KITCHENETTE&#8230;&#8230;&#8230;&#8230;&#8230;&#8230;&#8230;&#8230;.6m2<\/p>\n<p>2 BA\u00d1OS, CADA UNO&#8230;&#8230;&#8230;&#8230;&#8230;5m2<\/p>\n<p>OFICINA CONTRAFRENTE &#8230;.103M2<\/p>\n<p>&nbsp;<\/p>\n<p><span lang=\"ES\">SERVICIOS.: AGUA\u00a0 CORRIENTE CON PROVISI\u00d3N DESDE BOMBA SUMERGIBLE- SISTEMA DE DESAG\u00dcES CLOACALES INSTALADO Y BAJO SERVICIO DE AYSA CONECTADO-SERVICIO DE ENERG\u00cdA EL\u00c9CTRICA INDIVIDUAL.- PROXIMA PROVISION DE AGUA CORRIENTE EN RED .<br \/>\n<\/span><\/p>\n<p><span lang=\"ES\">VALOR ALQUILER MENSUAL EN PESOS.<br \/>\n<\/span><\/p>\n<p><span lang=\"ES\">\u00a0CONTRATO 3 A\u00d1OS SEG\u00daN LEY<\/span><\/p>\n<p><span lang=\"ES\">ESTADO DE LA PROPIEDAD : EXCELENTE A ESTRENAR SOBRE CALLE PAVIMENTADA.<\/span><\/p>\n<p>SOBRE LINEA EDIFICACION AMPLIA, PERSIANA METALICA AUTOMATICA A CONTROL REMOTO.<\/p>\n<p>COMODA PLAYA DE ESTACIONAMIENTO EN EL FRENTE , A LO QUE SE SUMAN COMO INGRESO AL EDIFICIO DOS PERSIANAS METALICAS CIEGAS AUTOMATICAS A CONTROL REMOTO.<\/p>\n<p>EN EL CONTRAFRENTE AMPLIA PLAYA DE ESTACIONAMIENTO DESCUBIERTA A COMPARTIR DE 170M2.-<\/p>\n","protected":false},"excerpt":{"rendered":"<p>AMPLIA\u00a0 OFICINA \u00a0UBICADA EN COLECTORA PANAMERICANA OESTE NRO. 25.700-PRIMER PISO-DON TORCUATO \u2013PARTIDO DE TIGRE-PROVINCIA DE BUENOS AIRES \u00a0A ESTRENAR : SOBRE S\u00d3LIDA CONSTRUCCION EN LOSA DE HORMIG\u00d3N ARMADO- MAMPOSTER\u00cdA EN LADRILLOS PORTANTES REVOCADOS CON ESCALERA DE HORMIG\u00d3N CON ENTRADA INDEPENDIENTE.( ESTRUCTURA PREPARADA PARA FUTURA INSTALACI\u00d3N DE ASCENSOR.) DIMENSIONES. 10 METROS DE FRENTE POR 21 METROS [&hellip;]<\/p>\n","protected":false},"featured_media":1613,"comment_status":"open","ping_status":"closed","template":"","meta":{"_et_pb_use_builder":"","_et_pb_old_content":"","_et_gb_content_width":"","_joinchat":[]},"product_brand":[],"product_cat":[26,18,82,67,84],"product_tag":[],"class_list":{"0":"post-1001","1":"product","2":"type-product","3":"status-publish","4":"has-post-thumbnail","6":"product_cat-2-banos","7":"product_cat-alquiler","8":"product_cat-consultorios-oficinas","9":"product_cat-estacionamiento","10":"product_cat-kitchenette","12":"first","13":"instock","14":"shipping-taxable","15":"product-type-simple"},"yoast_head":"<!-- This site is optimized with the Yoast SEO plugin v27.4 - https:\/\/yoast.com\/product\/yoast-seo-wordpress\/ -->\n<title>SE ALQUILA EN IMPORTANTE INMUEBLE COMERCIAL - Accord Propiedades<\/title>\n<meta name=\"description\" content=\"AMPLIA OFICINA A ESTRENAR UBICADA EN COLECTORA PANAMERICANA OESTE NRO. 25.700-PRIMER PISO-DON TORCUATO \u2013PARTIDO DE TIGRE-PROVINCIA DE BUENOS AIRES\" \/>\n<meta name=\"robots\" content=\"index, follow, max-snippet:-1, max-image-preview:large, max-video-preview:-1\" \/>\n<link rel=\"canonical\" href=\"https:\/\/accordpropiedades.com.ar\/index.php\/producto\/se-alquila-en-importante-inmueble-comercial\/\" \/>\n<meta property=\"og:locale\" content=\"es_ES\" \/>\n<meta property=\"og:type\" content=\"article\" \/>\n<meta property=\"og:title\" content=\"SE ALQUILA EN IMPORTANTE INMUEBLE COMERCIAL - Accord Propiedades\" \/>\n<meta property=\"og:description\" content=\"AMPLIA OFICINA A ESTRENAR UBICADA EN COLECTORA PANAMERICANA OESTE NRO. 25.700-PRIMER PISO-DON TORCUATO \u2013PARTIDO DE TIGRE-PROVINCIA DE BUENOS AIRES\" \/>\n<meta property=\"og:url\" content=\"https:\/\/accordpropiedades.com.ar\/index.php\/producto\/se-alquila-en-importante-inmueble-comercial\/\" \/>\n<meta property=\"og:site_name\" content=\"Accord Propiedades\" \/>\n<meta property=\"article:modified_time\" content=\"2026-01-19T23:21:09+00:00\" \/>\n<meta property=\"og:image\" content=\"https:\/\/accordpropiedades.com.ar\/wp-content\/uploads\/2022\/05\/colectora-alquilado.jpeg\" \/>\n\t<meta property=\"og:image:width\" content=\"300\" \/>\n\t<meta property=\"og:image:height\" content=\"300\" \/>\n\t<meta property=\"og:image:type\" content=\"image\/jpeg\" \/>\n<meta name=\"twitter:card\" content=\"summary_large_image\" \/>\n<meta name=\"twitter:label1\" content=\"Tiempo de lectura\" \/>\n\t<meta name=\"twitter:data1\" content=\"1 minuto\" \/>\n<script type=\"application\/ld+json\" class=\"yoast-schema-graph\">{\"@context\":\"https:\\\/\\\/schema.org\",\"@graph\":[{\"@type\":\"WebPage\",\"@id\":\"https:\\\/\\\/accordpropiedades.com.ar\\\/index.php\\\/producto\\\/se-alquila-en-importante-inmueble-comercial\\\/\",\"url\":\"https:\\\/\\\/accordpropiedades.com.ar\\\/index.php\\\/producto\\\/se-alquila-en-importante-inmueble-comercial\\\/\",\"name\":\"SE ALQUILA EN IMPORTANTE INMUEBLE COMERCIAL - Accord Propiedades\",\"isPartOf\":{\"@id\":\"https:\\\/\\\/accordpropiedades.com.ar\\\/#website\"},\"primaryImageOfPage\":{\"@id\":\"https:\\\/\\\/accordpropiedades.com.ar\\\/index.php\\\/producto\\\/se-alquila-en-importante-inmueble-comercial\\\/#primaryimage\"},\"image\":{\"@id\":\"https:\\\/\\\/accordpropiedades.com.ar\\\/index.php\\\/producto\\\/se-alquila-en-importante-inmueble-comercial\\\/#primaryimage\"},\"thumbnailUrl\":\"https:\\\/\\\/accordpropiedades.com.ar\\\/wp-content\\\/uploads\\\/2022\\\/05\\\/colectora-alquilado.jpeg\",\"datePublished\":\"2022-05-18T11:17:07+00:00\",\"dateModified\":\"2026-01-19T23:21:09+00:00\",\"description\":\"AMPLIA OFICINA A ESTRENAR UBICADA EN COLECTORA PANAMERICANA OESTE NRO. 25.700-PRIMER PISO-DON TORCUATO \u2013PARTIDO DE TIGRE-PROVINCIA DE BUENOS AIRES\",\"breadcrumb\":{\"@id\":\"https:\\\/\\\/accordpropiedades.com.ar\\\/index.php\\\/producto\\\/se-alquila-en-importante-inmueble-comercial\\\/#breadcrumb\"},\"inLanguage\":\"es\",\"potentialAction\":[{\"@type\":\"ReadAction\",\"target\":[\"https:\\\/\\\/accordpropiedades.com.ar\\\/index.php\\\/producto\\\/se-alquila-en-importante-inmueble-comercial\\\/\"]}]},{\"@type\":\"ImageObject\",\"inLanguage\":\"es\",\"@id\":\"https:\\\/\\\/accordpropiedades.com.ar\\\/index.php\\\/producto\\\/se-alquila-en-importante-inmueble-comercial\\\/#primaryimage\",\"url\":\"https:\\\/\\\/accordpropiedades.com.ar\\\/wp-content\\\/uploads\\\/2022\\\/05\\\/colectora-alquilado.jpeg\",\"contentUrl\":\"https:\\\/\\\/accordpropiedades.com.ar\\\/wp-content\\\/uploads\\\/2022\\\/05\\\/colectora-alquilado.jpeg\",\"width\":300,\"height\":300},{\"@type\":\"BreadcrumbList\",\"@id\":\"https:\\\/\\\/accordpropiedades.com.ar\\\/index.php\\\/producto\\\/se-alquila-en-importante-inmueble-comercial\\\/#breadcrumb\",\"itemListElement\":[{\"@type\":\"ListItem\",\"position\":1,\"name\":\"Portada\",\"item\":\"https:\\\/\\\/accordpropiedades.com.ar\\\/\"},{\"@type\":\"ListItem\",\"position\":2,\"name\":\"Tienda\",\"item\":\"https:\\\/\\\/accordpropiedades.com.ar\\\/index.php\\\/tienda\\\/\"},{\"@type\":\"ListItem\",\"position\":3,\"name\":\"SE ALQUILA EN IMPORTANTE INMUEBLE COMERCIAL\"}]},{\"@type\":\"WebSite\",\"@id\":\"https:\\\/\\\/accordpropiedades.com.ar\\\/#website\",\"url\":\"https:\\\/\\\/accordpropiedades.com.ar\\\/\",\"name\":\"Accord Propiedades\",\"description\":\"\",\"publisher\":{\"@id\":\"https:\\\/\\\/accordpropiedades.com.ar\\\/#organization\"},\"potentialAction\":[{\"@type\":\"SearchAction\",\"target\":{\"@type\":\"EntryPoint\",\"urlTemplate\":\"https:\\\/\\\/accordpropiedades.com.ar\\\/?s={search_term_string}\"},\"query-input\":{\"@type\":\"PropertyValueSpecification\",\"valueRequired\":true,\"valueName\":\"search_term_string\"}}],\"inLanguage\":\"es\"},{\"@type\":\"Organization\",\"@id\":\"https:\\\/\\\/accordpropiedades.com.ar\\\/#organization\",\"name\":\"Accord Propiedades\",\"url\":\"https:\\\/\\\/accordpropiedades.com.ar\\\/\",\"logo\":{\"@type\":\"ImageObject\",\"inLanguage\":\"es\",\"@id\":\"https:\\\/\\\/accordpropiedades.com.ar\\\/#\\\/schema\\\/logo\\\/image\\\/\",\"url\":\"https:\\\/\\\/accordpropiedades.com.ar\\\/wp-content\\\/uploads\\\/2021\\\/08\\\/cropped-acoord1-1.png\",\"contentUrl\":\"https:\\\/\\\/accordpropiedades.com.ar\\\/wp-content\\\/uploads\\\/2021\\\/08\\\/cropped-acoord1-1.png\",\"width\":243,\"height\":64,\"caption\":\"Accord Propiedades\"},\"image\":{\"@id\":\"https:\\\/\\\/accordpropiedades.com.ar\\\/#\\\/schema\\\/logo\\\/image\\\/\"}}]}<\/script>\n<!-- \/ Yoast SEO plugin. -->","yoast_head_json":{"title":"SE ALQUILA EN IMPORTANTE INMUEBLE COMERCIAL - Accord Propiedades","description":"AMPLIA OFICINA A ESTRENAR UBICADA EN COLECTORA PANAMERICANA OESTE NRO. 25.700-PRIMER PISO-DON TORCUATO \u2013PARTIDO DE TIGRE-PROVINCIA DE BUENOS AIRES","robots":{"index":"index","follow":"follow","max-snippet":"max-snippet:-1","max-image-preview":"max-image-preview:large","max-video-preview":"max-video-preview:-1"},"canonical":"https:\/\/accordpropiedades.com.ar\/index.php\/producto\/se-alquila-en-importante-inmueble-comercial\/","og_locale":"es_ES","og_type":"article","og_title":"SE ALQUILA EN IMPORTANTE INMUEBLE COMERCIAL - Accord Propiedades","og_description":"AMPLIA OFICINA A ESTRENAR UBICADA EN COLECTORA PANAMERICANA OESTE NRO. 25.700-PRIMER PISO-DON TORCUATO \u2013PARTIDO DE TIGRE-PROVINCIA DE BUENOS AIRES","og_url":"https:\/\/accordpropiedades.com.ar\/index.php\/producto\/se-alquila-en-importante-inmueble-comercial\/","og_site_name":"Accord Propiedades","article_modified_time":"2026-01-19T23:21:09+00:00","og_image":[{"width":300,"height":300,"url":"https:\/\/accordpropiedades.com.ar\/wp-content\/uploads\/2022\/05\/colectora-alquilado.jpeg","type":"image\/jpeg"}],"twitter_card":"summary_large_image","twitter_misc":{"Tiempo de lectura":"1 minuto"},"schema":{"@context":"https:\/\/schema.org","@graph":[{"@type":"WebPage","@id":"https:\/\/accordpropiedades.com.ar\/index.php\/producto\/se-alquila-en-importante-inmueble-comercial\/","url":"https:\/\/accordpropiedades.com.ar\/index.php\/producto\/se-alquila-en-importante-inmueble-comercial\/","name":"SE ALQUILA EN IMPORTANTE INMUEBLE COMERCIAL - Accord Propiedades","isPartOf":{"@id":"https:\/\/accordpropiedades.com.ar\/#website"},"primaryImageOfPage":{"@id":"https:\/\/accordpropiedades.com.ar\/index.php\/producto\/se-alquila-en-importante-inmueble-comercial\/#primaryimage"},"image":{"@id":"https:\/\/accordpropiedades.com.ar\/index.php\/producto\/se-alquila-en-importante-inmueble-comercial\/#primaryimage"},"thumbnailUrl":"https:\/\/accordpropiedades.com.ar\/wp-content\/uploads\/2022\/05\/colectora-alquilado.jpeg","datePublished":"2022-05-18T11:17:07+00:00","dateModified":"2026-01-19T23:21:09+00:00","description":"AMPLIA OFICINA A ESTRENAR UBICADA EN COLECTORA PANAMERICANA OESTE NRO. 25.700-PRIMER PISO-DON TORCUATO \u2013PARTIDO DE TIGRE-PROVINCIA DE BUENOS AIRES","breadcrumb":{"@id":"https:\/\/accordpropiedades.com.ar\/index.php\/producto\/se-alquila-en-importante-inmueble-comercial\/#breadcrumb"},"inLanguage":"es","potentialAction":[{"@type":"ReadAction","target":["https:\/\/accordpropiedades.com.ar\/index.php\/producto\/se-alquila-en-importante-inmueble-comercial\/"]}]},{"@type":"ImageObject","inLanguage":"es","@id":"https:\/\/accordpropiedades.com.ar\/index.php\/producto\/se-alquila-en-importante-inmueble-comercial\/#primaryimage","url":"https:\/\/accordpropiedades.com.ar\/wp-content\/uploads\/2022\/05\/colectora-alquilado.jpeg","contentUrl":"https:\/\/accordpropiedades.com.ar\/wp-content\/uploads\/2022\/05\/colectora-alquilado.jpeg","width":300,"height":300},{"@type":"BreadcrumbList","@id":"https:\/\/accordpropiedades.com.ar\/index.php\/producto\/se-alquila-en-importante-inmueble-comercial\/#breadcrumb","itemListElement":[{"@type":"ListItem","position":1,"name":"Portada","item":"https:\/\/accordpropiedades.com.ar\/"},{"@type":"ListItem","position":2,"name":"Tienda","item":"https:\/\/accordpropiedades.com.ar\/index.php\/tienda\/"},{"@type":"ListItem","position":3,"name":"SE ALQUILA EN IMPORTANTE INMUEBLE COMERCIAL"}]},{"@type":"WebSite","@id":"https:\/\/accordpropiedades.com.ar\/#website","url":"https:\/\/accordpropiedades.com.ar\/","name":"Accord Propiedades","description":"","publisher":{"@id":"https:\/\/accordpropiedades.com.ar\/#organization"},"potentialAction":[{"@type":"SearchAction","target":{"@type":"EntryPoint","urlTemplate":"https:\/\/accordpropiedades.com.ar\/?s={search_term_string}"},"query-input":{"@type":"PropertyValueSpecification","valueRequired":true,"valueName":"search_term_string"}}],"inLanguage":"es"},{"@type":"Organization","@id":"https:\/\/accordpropiedades.com.ar\/#organization","name":"Accord Propiedades","url":"https:\/\/accordpropiedades.com.ar\/","logo":{"@type":"ImageObject","inLanguage":"es","@id":"https:\/\/accordpropiedades.com.ar\/#\/schema\/logo\/image\/","url":"https:\/\/accordpropiedades.com.ar\/wp-content\/uploads\/2021\/08\/cropped-acoord1-1.png","contentUrl":"https:\/\/accordpropiedades.com.ar\/wp-content\/uploads\/2021\/08\/cropped-acoord1-1.png","width":243,"height":64,"caption":"Accord Propiedades"},"image":{"@id":"https:\/\/accordpropiedades.com.ar\/#\/schema\/logo\/image\/"}}]}},"_links":{"self":[{"href":"https:\/\/accordpropiedades.com.ar\/index.php\/wp-json\/wp\/v2\/product\/1001","targetHints":{"allow":["GET"]}}],"collection":[{"href":"https:\/\/accordpropiedades.com.ar\/index.php\/wp-json\/wp\/v2\/product"}],"about":[{"href":"https:\/\/accordpropiedades.com.ar\/index.php\/wp-json\/wp\/v2\/types\/product"}],"replies":[{"embeddable":true,"href":"https:\/\/accordpropiedades.com.ar\/index.php\/wp-json\/wp\/v2\/comments?post=1001"}],"version-history":[{"count":3,"href":"https:\/\/accordpropiedades.com.ar\/index.php\/wp-json\/wp\/v2\/product\/1001\/revisions"}],"predecessor-version":[{"id":1031,"href":"https:\/\/accordpropiedades.com.ar\/index.php\/wp-json\/wp\/v2\/product\/1001\/revisions\/1031"}],"wp:featuredmedia":[{"embeddable":true,"href":"https:\/\/accordpropiedades.com.ar\/index.php\/wp-json\/wp\/v2\/media\/1613"}],"wp:attachment":[{"href":"https:\/\/accordpropiedades.com.ar\/index.php\/wp-json\/wp\/v2\/media?parent=1001"}],"wp:term":[{"taxonomy":"product_brand","embeddable":true,"href":"https:\/\/accordpropiedades.com.ar\/index.php\/wp-json\/wp\/v2\/product_brand?post=1001"},{"taxonomy":"product_cat","embeddable":true,"href":"https:\/\/accordpropiedades.com.ar\/index.php\/wp-json\/wp\/v2\/product_cat?post=1001"},{"taxonomy":"product_tag","embeddable":true,"href":"https:\/\/accordpropiedades.com.ar\/index.php\/wp-json\/wp\/v2\/product_tag?post=1001"}],"curies":[{"name":"wp","href":"https:\/\/api.w.org\/{rel}","templated":true}]}}