{"id":1212,"date":"2024-07-27T15:31:31","date_gmt":"2024-07-27T15:31:31","guid":{"rendered":"https:\/\/accordpropiedades.com.ar\/?post_type=product&#038;p=1212"},"modified":"2026-04-16T08:52:17","modified_gmt":"2026-04-16T08:52:17","slug":"se-vende-fondo-de-comercio-peluqueria-y-estetica","status":"publish","type":"product","link":"https:\/\/accordpropiedades.com.ar\/index.php\/producto\/se-vende-fondo-de-comercio-peluqueria-y-estetica\/","title":{"rendered":"SE VENDE FONDO DE COMERCIO PELUQUERIA Y ESTETICA"},"content":{"rendered":"<p align=\"justify\"><span lang=\"es-ES\">SE VENDE FONDO DE COMERCIO PELUQUERIA Y ESTETICA UBICADA EN DON TORCUATO-UBICACI\u00d3N ESTRAT\u00c9GICA EN ZONA COMERCIAL Y CLIENTELA FIEL.-<\/span><\/p>\n<p align=\"justify\"><span lang=\"es-ES\">C\u00d3MODA RECEPCI\u00d3N-SERVICIOS :INCLUYE DOS (2) LAVACABEZAS, TRES (3) ESTACIONES DE TRABAJO CON ESPEJOS Y SILLONES DE PELUQUER\u00cdA, BA\u00d1O Y CAMARINES PRIVADOS.<\/span><\/p>\n<p align=\"justify\"><span lang=\"es-ES\">EL EQUIPO DE EXPERTOS OFRECE: CORTES, PEINADOS Y COLORES.-<\/span><\/p>\n<p align=\"justify\"><span lang=\"es-ES\">SERVICIOS DE COSMETOLOG\u00cdA, PESTA\u00d1AS, MANOS , PIES, DEPILACI\u00d3N DEFINITIVA Y TRATAMIENTOS PERSONALIZADOS.-<\/span><\/p>\n<p align=\"justify\"><span lang=\"es-ES\">SUPERFICIE TOTAL CUBIERTA: 75 m2<\/span><\/p>\n<p align=\"justify\"><span lang=\"es-ES\">UBICACI\u00d3N : CALLE TRIUNVIRATO ENTRE COLECTORA\/RUTA 202 Y CALLE CHILE-DON TORCUATO-PARTIDO DE TIGRE.<\/span><\/p>\n<p align=\"justify\"><a name=\"_GoBack\"><\/a> <span lang=\"es-ES\">VALOR: U$S 20.000.- (VEINTE MIL D\u00d3LARES ESTADOUNIDENSES BILLETES)<\/span><\/p>\n<p align=\"justify\"><span lang=\"es-ES\">ALQUILER MENSUAL $400.000.-(CUATROCIENTOS MIL )<\/span><\/p>\n<p align=\"justify\"><span lang=\"es-ES\">ACTUALIZACI\u00d3N ALQUILER : IPC CADA TRES MESES.-<\/span><\/p>\n<p align=\"justify\"><span lang=\"es-ES\">PARA INGRESO ARRENDAMIENTO: MES ADELANTADO M\u00c1S DOS MESES DE DEP\u00d3SITO.-<\/span><\/p>\n<p align=\"justify\"><span lang=\"es-ES\">GARANT\u00cdA DE ALQUILER: SEGURO DE CAUCI\u00d3N.-<\/span><\/p>\n<p align=\"justify\">Don Torcuato es una ciudad ubicada en el sur del partido de Tigre, en la zona norte del Gran Buenos Aires, Provincia de Buenos Aires en Argentina.<br \/>\nLimita con las localidades de El Talar, General Pacheco, Troncos del Talar, San Fernando, Victoria, Boulogne Sur Mer, Jos\u00e9 Le\u00f3n Suarez, Loma Hermosa, Campo de Mayo e Ingeniero Adolfo Sordeaux.<br \/>\nCuenta con acceso directo a la Ciudad Aut\u00f3noma de Buenos Aires por la Autopista Pascual Palazzo parte de la Carretera Panamericana y por la red ferroviaria argentina prestada por la l\u00ednea Belgrano Norte del Ferrocarril General Belgrano que parte de la estaci\u00f3n Retiro.-<\/p>\n","protected":false},"excerpt":{"rendered":"<p><span lang=\"es-ES\">SE VENDE FONDO DE COMERCIO PELUQUERIA Y ESTETICA UBICADA EN DON TORCUATO-UBICACI\u00d3N ESTRAT\u00c9GICA EN ZONA COMERCIAL Y CLIENTELA FIEL.-<\/span><\/p>\n<p><span lang=\"es-ES\">CALLE TRIUNVIRATO ENTRE COLECTORA\/RUTA 202 Y CALLE CHILE-DON TORCUATO-PARTIDO DE TIGRE.<\/span><\/p>\n","protected":false},"featured_media":1606,"comment_status":"open","ping_status":"closed","template":"","meta":{"_et_pb_use_builder":"","_et_pb_old_content":"","_et_gb_content_width":"","_joinchat":[]},"product_brand":[],"product_cat":[108,16,17],"product_tag":[],"class_list":{"0":"post-1212","1":"product","2":"type-product","3":"status-publish","4":"has-post-thumbnail","6":"product_cat-oportunidad","7":"product_cat-sin-categorizar","8":"product_cat-venta","10":"first","11":"instock","12":"featured","13":"shipping-taxable","14":"purchasable","15":"product-type-simple"},"yoast_head":"<!-- This site is optimized with the Yoast SEO plugin v27.4 - https:\/\/yoast.com\/product\/yoast-seo-wordpress\/ -->\n<title>SE VENDE FONDO DE COMERCIO PELUQUERIA Y ESTETICA - Accord Propiedades<\/title>\n<meta name=\"description\" content=\"venta, fondo de comercio, peluqueria, estetica, don torcuato, buenos aires, partido de tigre, accord propiedades, inmobiliaria\" \/>\n<meta name=\"robots\" content=\"index, follow, max-snippet:-1, max-image-preview:large, max-video-preview:-1\" \/>\n<link rel=\"canonical\" href=\"https:\/\/accordpropiedades.com.ar\/index.php\/producto\/se-vende-fondo-de-comercio-peluqueria-y-estetica\/\" \/>\n<meta property=\"og:locale\" content=\"es_ES\" \/>\n<meta property=\"og:type\" content=\"article\" \/>\n<meta property=\"og:title\" content=\"SE VENDE FONDO DE COMERCIO PELUQUERIA Y ESTETICA - Accord Propiedades\" \/>\n<meta property=\"og:description\" content=\"venta, fondo de comercio, peluqueria, estetica, don torcuato, buenos aires, partido de tigre, accord propiedades, inmobiliaria\" \/>\n<meta property=\"og:url\" content=\"https:\/\/accordpropiedades.com.ar\/index.php\/producto\/se-vende-fondo-de-comercio-peluqueria-y-estetica\/\" \/>\n<meta property=\"og:site_name\" content=\"Accord Propiedades\" \/>\n<meta property=\"article:modified_time\" content=\"2026-04-16T08:52:17+00:00\" \/>\n<meta property=\"og:image\" content=\"https:\/\/accordpropiedades.com.ar\/wp-content\/uploads\/2024\/07\/FONDO-DE-COMERCIO-PELUQUERIA-VENDIDO.jpeg\" \/>\n\t<meta property=\"og:image:width\" content=\"300\" \/>\n\t<meta property=\"og:image:height\" content=\"300\" \/>\n\t<meta property=\"og:image:type\" content=\"image\/jpeg\" \/>\n<meta name=\"twitter:card\" content=\"summary_large_image\" \/>\n<meta name=\"twitter:label1\" content=\"Tiempo de lectura\" \/>\n\t<meta name=\"twitter:data1\" content=\"1 minuto\" \/>\n<script type=\"application\/ld+json\" class=\"yoast-schema-graph\">{\"@context\":\"https:\\\/\\\/schema.org\",\"@graph\":[{\"@type\":\"WebPage\",\"@id\":\"https:\\\/\\\/accordpropiedades.com.ar\\\/index.php\\\/producto\\\/se-vende-fondo-de-comercio-peluqueria-y-estetica\\\/\",\"url\":\"https:\\\/\\\/accordpropiedades.com.ar\\\/index.php\\\/producto\\\/se-vende-fondo-de-comercio-peluqueria-y-estetica\\\/\",\"name\":\"SE VENDE FONDO DE COMERCIO PELUQUERIA Y ESTETICA - Accord Propiedades\",\"isPartOf\":{\"@id\":\"https:\\\/\\\/accordpropiedades.com.ar\\\/#website\"},\"primaryImageOfPage\":{\"@id\":\"https:\\\/\\\/accordpropiedades.com.ar\\\/index.php\\\/producto\\\/se-vende-fondo-de-comercio-peluqueria-y-estetica\\\/#primaryimage\"},\"image\":{\"@id\":\"https:\\\/\\\/accordpropiedades.com.ar\\\/index.php\\\/producto\\\/se-vende-fondo-de-comercio-peluqueria-y-estetica\\\/#primaryimage\"},\"thumbnailUrl\":\"https:\\\/\\\/accordpropiedades.com.ar\\\/wp-content\\\/uploads\\\/2024\\\/07\\\/FONDO-DE-COMERCIO-PELUQUERIA-VENDIDO.jpeg\",\"datePublished\":\"2024-07-27T15:31:31+00:00\",\"dateModified\":\"2026-04-16T08:52:17+00:00\",\"description\":\"venta, fondo de comercio, peluqueria, estetica, don torcuato, buenos aires, partido de tigre, accord propiedades, inmobiliaria\",\"breadcrumb\":{\"@id\":\"https:\\\/\\\/accordpropiedades.com.ar\\\/index.php\\\/producto\\\/se-vende-fondo-de-comercio-peluqueria-y-estetica\\\/#breadcrumb\"},\"inLanguage\":\"es\",\"potentialAction\":[{\"@type\":\"ReadAction\",\"target\":[\"https:\\\/\\\/accordpropiedades.com.ar\\\/index.php\\\/producto\\\/se-vende-fondo-de-comercio-peluqueria-y-estetica\\\/\"]}]},{\"@type\":\"ImageObject\",\"inLanguage\":\"es\",\"@id\":\"https:\\\/\\\/accordpropiedades.com.ar\\\/index.php\\\/producto\\\/se-vende-fondo-de-comercio-peluqueria-y-estetica\\\/#primaryimage\",\"url\":\"https:\\\/\\\/accordpropiedades.com.ar\\\/wp-content\\\/uploads\\\/2024\\\/07\\\/FONDO-DE-COMERCIO-PELUQUERIA-VENDIDO.jpeg\",\"contentUrl\":\"https:\\\/\\\/accordpropiedades.com.ar\\\/wp-content\\\/uploads\\\/2024\\\/07\\\/FONDO-DE-COMERCIO-PELUQUERIA-VENDIDO.jpeg\",\"width\":300,\"height\":300},{\"@type\":\"BreadcrumbList\",\"@id\":\"https:\\\/\\\/accordpropiedades.com.ar\\\/index.php\\\/producto\\\/se-vende-fondo-de-comercio-peluqueria-y-estetica\\\/#breadcrumb\",\"itemListElement\":[{\"@type\":\"ListItem\",\"position\":1,\"name\":\"Portada\",\"item\":\"https:\\\/\\\/accordpropiedades.com.ar\\\/\"},{\"@type\":\"ListItem\",\"position\":2,\"name\":\"Tienda\",\"item\":\"https:\\\/\\\/accordpropiedades.com.ar\\\/index.php\\\/tienda\\\/\"},{\"@type\":\"ListItem\",\"position\":3,\"name\":\"SE VENDE FONDO DE COMERCIO PELUQUERIA Y ESTETICA\"}]},{\"@type\":\"WebSite\",\"@id\":\"https:\\\/\\\/accordpropiedades.com.ar\\\/#website\",\"url\":\"https:\\\/\\\/accordpropiedades.com.ar\\\/\",\"name\":\"Accord Propiedades\",\"description\":\"\",\"publisher\":{\"@id\":\"https:\\\/\\\/accordpropiedades.com.ar\\\/#organization\"},\"potentialAction\":[{\"@type\":\"SearchAction\",\"target\":{\"@type\":\"EntryPoint\",\"urlTemplate\":\"https:\\\/\\\/accordpropiedades.com.ar\\\/?s={search_term_string}\"},\"query-input\":{\"@type\":\"PropertyValueSpecification\",\"valueRequired\":true,\"valueName\":\"search_term_string\"}}],\"inLanguage\":\"es\"},{\"@type\":\"Organization\",\"@id\":\"https:\\\/\\\/accordpropiedades.com.ar\\\/#organization\",\"name\":\"Accord Propiedades\",\"url\":\"https:\\\/\\\/accordpropiedades.com.ar\\\/\",\"logo\":{\"@type\":\"ImageObject\",\"inLanguage\":\"es\",\"@id\":\"https:\\\/\\\/accordpropiedades.com.ar\\\/#\\\/schema\\\/logo\\\/image\\\/\",\"url\":\"https:\\\/\\\/accordpropiedades.com.ar\\\/wp-content\\\/uploads\\\/2021\\\/08\\\/cropped-acoord1-1.png\",\"contentUrl\":\"https:\\\/\\\/accordpropiedades.com.ar\\\/wp-content\\\/uploads\\\/2021\\\/08\\\/cropped-acoord1-1.png\",\"width\":243,\"height\":64,\"caption\":\"Accord Propiedades\"},\"image\":{\"@id\":\"https:\\\/\\\/accordpropiedades.com.ar\\\/#\\\/schema\\\/logo\\\/image\\\/\"}}]}<\/script>\n<!-- \/ Yoast SEO plugin. -->","yoast_head_json":{"title":"SE VENDE FONDO DE COMERCIO PELUQUERIA Y ESTETICA - Accord Propiedades","description":"venta, fondo de comercio, peluqueria, estetica, don torcuato, buenos aires, partido de tigre, accord propiedades, inmobiliaria","robots":{"index":"index","follow":"follow","max-snippet":"max-snippet:-1","max-image-preview":"max-image-preview:large","max-video-preview":"max-video-preview:-1"},"canonical":"https:\/\/accordpropiedades.com.ar\/index.php\/producto\/se-vende-fondo-de-comercio-peluqueria-y-estetica\/","og_locale":"es_ES","og_type":"article","og_title":"SE VENDE FONDO DE COMERCIO PELUQUERIA Y ESTETICA - Accord Propiedades","og_description":"venta, fondo de comercio, peluqueria, estetica, don torcuato, buenos aires, partido de tigre, accord propiedades, inmobiliaria","og_url":"https:\/\/accordpropiedades.com.ar\/index.php\/producto\/se-vende-fondo-de-comercio-peluqueria-y-estetica\/","og_site_name":"Accord Propiedades","article_modified_time":"2026-04-16T08:52:17+00:00","og_image":[{"width":300,"height":300,"url":"https:\/\/accordpropiedades.com.ar\/wp-content\/uploads\/2024\/07\/FONDO-DE-COMERCIO-PELUQUERIA-VENDIDO.jpeg","type":"image\/jpeg"}],"twitter_card":"summary_large_image","twitter_misc":{"Tiempo de lectura":"1 minuto"},"schema":{"@context":"https:\/\/schema.org","@graph":[{"@type":"WebPage","@id":"https:\/\/accordpropiedades.com.ar\/index.php\/producto\/se-vende-fondo-de-comercio-peluqueria-y-estetica\/","url":"https:\/\/accordpropiedades.com.ar\/index.php\/producto\/se-vende-fondo-de-comercio-peluqueria-y-estetica\/","name":"SE VENDE FONDO DE COMERCIO PELUQUERIA Y ESTETICA - Accord Propiedades","isPartOf":{"@id":"https:\/\/accordpropiedades.com.ar\/#website"},"primaryImageOfPage":{"@id":"https:\/\/accordpropiedades.com.ar\/index.php\/producto\/se-vende-fondo-de-comercio-peluqueria-y-estetica\/#primaryimage"},"image":{"@id":"https:\/\/accordpropiedades.com.ar\/index.php\/producto\/se-vende-fondo-de-comercio-peluqueria-y-estetica\/#primaryimage"},"thumbnailUrl":"https:\/\/accordpropiedades.com.ar\/wp-content\/uploads\/2024\/07\/FONDO-DE-COMERCIO-PELUQUERIA-VENDIDO.jpeg","datePublished":"2024-07-27T15:31:31+00:00","dateModified":"2026-04-16T08:52:17+00:00","description":"venta, fondo de comercio, peluqueria, estetica, don torcuato, buenos aires, partido de tigre, accord propiedades, inmobiliaria","breadcrumb":{"@id":"https:\/\/accordpropiedades.com.ar\/index.php\/producto\/se-vende-fondo-de-comercio-peluqueria-y-estetica\/#breadcrumb"},"inLanguage":"es","potentialAction":[{"@type":"ReadAction","target":["https:\/\/accordpropiedades.com.ar\/index.php\/producto\/se-vende-fondo-de-comercio-peluqueria-y-estetica\/"]}]},{"@type":"ImageObject","inLanguage":"es","@id":"https:\/\/accordpropiedades.com.ar\/index.php\/producto\/se-vende-fondo-de-comercio-peluqueria-y-estetica\/#primaryimage","url":"https:\/\/accordpropiedades.com.ar\/wp-content\/uploads\/2024\/07\/FONDO-DE-COMERCIO-PELUQUERIA-VENDIDO.jpeg","contentUrl":"https:\/\/accordpropiedades.com.ar\/wp-content\/uploads\/2024\/07\/FONDO-DE-COMERCIO-PELUQUERIA-VENDIDO.jpeg","width":300,"height":300},{"@type":"BreadcrumbList","@id":"https:\/\/accordpropiedades.com.ar\/index.php\/producto\/se-vende-fondo-de-comercio-peluqueria-y-estetica\/#breadcrumb","itemListElement":[{"@type":"ListItem","position":1,"name":"Portada","item":"https:\/\/accordpropiedades.com.ar\/"},{"@type":"ListItem","position":2,"name":"Tienda","item":"https:\/\/accordpropiedades.com.ar\/index.php\/tienda\/"},{"@type":"ListItem","position":3,"name":"SE VENDE FONDO DE COMERCIO PELUQUERIA Y ESTETICA"}]},{"@type":"WebSite","@id":"https:\/\/accordpropiedades.com.ar\/#website","url":"https:\/\/accordpropiedades.com.ar\/","name":"Accord Propiedades","description":"","publisher":{"@id":"https:\/\/accordpropiedades.com.ar\/#organization"},"potentialAction":[{"@type":"SearchAction","target":{"@type":"EntryPoint","urlTemplate":"https:\/\/accordpropiedades.com.ar\/?s={search_term_string}"},"query-input":{"@type":"PropertyValueSpecification","valueRequired":true,"valueName":"search_term_string"}}],"inLanguage":"es"},{"@type":"Organization","@id":"https:\/\/accordpropiedades.com.ar\/#organization","name":"Accord Propiedades","url":"https:\/\/accordpropiedades.com.ar\/","logo":{"@type":"ImageObject","inLanguage":"es","@id":"https:\/\/accordpropiedades.com.ar\/#\/schema\/logo\/image\/","url":"https:\/\/accordpropiedades.com.ar\/wp-content\/uploads\/2021\/08\/cropped-acoord1-1.png","contentUrl":"https:\/\/accordpropiedades.com.ar\/wp-content\/uploads\/2021\/08\/cropped-acoord1-1.png","width":243,"height":64,"caption":"Accord Propiedades"},"image":{"@id":"https:\/\/accordpropiedades.com.ar\/#\/schema\/logo\/image\/"}}]}},"_links":{"self":[{"href":"https:\/\/accordpropiedades.com.ar\/index.php\/wp-json\/wp\/v2\/product\/1212","targetHints":{"allow":["GET"]}}],"collection":[{"href":"https:\/\/accordpropiedades.com.ar\/index.php\/wp-json\/wp\/v2\/product"}],"about":[{"href":"https:\/\/accordpropiedades.com.ar\/index.php\/wp-json\/wp\/v2\/types\/product"}],"replies":[{"embeddable":true,"href":"https:\/\/accordpropiedades.com.ar\/index.php\/wp-json\/wp\/v2\/comments?post=1212"}],"version-history":[{"count":4,"href":"https:\/\/accordpropiedades.com.ar\/index.php\/wp-json\/wp\/v2\/product\/1212\/revisions"}],"predecessor-version":[{"id":1294,"href":"https:\/\/accordpropiedades.com.ar\/index.php\/wp-json\/wp\/v2\/product\/1212\/revisions\/1294"}],"wp:featuredmedia":[{"embeddable":true,"href":"https:\/\/accordpropiedades.com.ar\/index.php\/wp-json\/wp\/v2\/media\/1606"}],"wp:attachment":[{"href":"https:\/\/accordpropiedades.com.ar\/index.php\/wp-json\/wp\/v2\/media?parent=1212"}],"wp:term":[{"taxonomy":"product_brand","embeddable":true,"href":"https:\/\/accordpropiedades.com.ar\/index.php\/wp-json\/wp\/v2\/product_brand?post=1212"},{"taxonomy":"product_cat","embeddable":true,"href":"https:\/\/accordpropiedades.com.ar\/index.php\/wp-json\/wp\/v2\/product_cat?post=1212"},{"taxonomy":"product_tag","embeddable":true,"href":"https:\/\/accordpropiedades.com.ar\/index.php\/wp-json\/wp\/v2\/product_tag?post=1212"}],"curies":[{"name":"wp","href":"https:\/\/api.w.org\/{rel}","templated":true}]}}