{"id":953,"date":"2022-04-28T01:09:19","date_gmt":"2022-04-28T01:09:19","guid":{"rendered":"https:\/\/accordpropiedades.com.ar\/?post_type=product&#038;p=953"},"modified":"2025-08-14T23:35:42","modified_gmt":"2025-08-14T23:35:42","slug":"excelente-casa-quinta-en-dos-plantas-con-piscina","status":"publish","type":"product","link":"https:\/\/accordpropiedades.com.ar\/index.php\/producto\/excelente-casa-quinta-en-dos-plantas-con-piscina\/","title":{"rendered":"Excelente casa quinta en dos plantas con piscina"},"content":{"rendered":"<p><span lang=\"es-ES\">Hermoso chalet en dos plantas de s\u00f3lida estructura constru<\/span><span lang=\"es-ES\">i<\/span><span lang=\"es-ES\">da en hormig\u00f3n armado en plantas y techo y decorado exteriormente con tejas francesas paredes de 40 cm de espesor en ladrillos a la vista en su interior con c\u00e1maras aislantes ; desarrollada en una superficies cubierta de aproximadamente 320 m2 sobre un terreno de 600 m2.La casa es muy moderna con numerosos ambientes confortables amplios y luminosos. sobre calle Balbastro. Don Torcuato.<br \/>\n<\/span><\/p>\n<p align=\"justify\"><span lang=\"es-ES\">Comodidades.<\/span><\/p>\n<p align=\"justify\"><span lang=\"es-ES\"> Hall de entrada techado-hall de recepci\u00f3n que desemboca en la escalera para ascender al primer piso y a un amplio living en planta baja totalmente vidriado con vista al frondoso parque interior., del living se ingresa a un ambiente con ba\u00f1o f\u00e1cilmente convertible en dormitorio , sala de espera, consultorio o habitaci\u00f3n de servicio. En la misma planta se ingresa al comedor y a una amplia cocina integrada y desde all\u00ed al lavadero enfrentado al dep\u00f2sito- almacen ubicado bajo bajo el vano de otra escalera que se asciende al primer piso desde la cochera. Cochera con capacidad para dos autom\u00f3viles y baulera. El ingreso al parque arbolado se puede efectuar por el comedor o el living con dos amplios portales. En el parque se halla instalada una amplia piscina un garaje con p\u00e9rgola y en los fondos un quincho con techo de tejas francesas una cocina con mesada un ba\u00f1o y una parrilla. En la parte opuesta del parque y lindando con el lavadero se encuentra instalada la caldera central de calefacci\u00f3n y el equipo de aire acondicionado general. Los dormitorios y salones del piso superior son luminosos con un dormitorio principal con balc\u00f3n a la calle ;ba\u00f1o en suite y otro ba\u00f1o completo para los restantes dormitorios. Hay un ambiente muy amplio utilizable como sala de proyecci\u00f3n y otro convertible como play room ; sala de hu\u00e9spedes o gimnasio muy luminoso<\/span><\/p>\n<p align=\"justify\"><span lang=\"es-ES\">Don Torcuato es una ciudad ubicada en el sur del partido de Tigre, en la zona norte del Gran Buenos Aires, Provincia de Buenos Aires en Argentina.<\/span><\/p>\n<p align=\"justify\"><span lang=\"es-ES\">Limita con las localidades de El Talar, General Pacheco, Troncos del Talar, San Fernando, Victoria, Boulogne Sur Mer, Jos\u00e9 Le\u00f3n Suarez, Loma Hermosa, Campo de Mayo e Ingeniero Adolfo Sordeaux.<\/span><\/p>\n<p align=\"justify\"><span lang=\"es-ES\">Cuenta con acceso directo a la Ciudad Aut\u00f3noma de Buenos Aires por la Autopista Pascual Palazzo parte de la Carretera Panamericana y por la red ferroviaria argentina prestada por la l\u00ednea Belgrano Norte del Ferrocarril General Belgrano que parte de la estaci\u00f3n Retiro<\/span><\/p>\n<p>PRECIO EXPRESADO EN DOLARES ESTADOUNIDENSES.-<\/p>\n","protected":false},"excerpt":{"rendered":"<p>Hermoso chalet dos plantas, amplias comodidades, pileta, tres dormitorios, cuatro ba\u00f1os.<\/p>\n","protected":false},"featured_media":955,"comment_status":"open","ping_status":"closed","template":"","meta":{"_et_pb_use_builder":"","_et_pb_old_content":"","_et_gb_content_width":"","_joinchat":[]},"product_brand":[],"product_cat":[39,41,45,36,38,37,30,77,80,81,44,56,71,79,78,61,43,17],"product_tag":[],"class_list":{"0":"post-953","1":"product","2":"type-product","3":"status-publish","4":"has-post-thumbnail","6":"product_cat-1-deposito","7":"product_cat-1-gimnasio","8":"product_cat-lavadero","9":"product_cat-1-living-comedor","10":"product_cat-1-pileta","11":"product_cat-1-quincho","12":"product_cat-3-dormitorios","13":"product_cat-4-banos","14":"product_cat-aire-acondicionado-central","15":"product_cat-calefaccion-central-por-caldera","16":"product_cat-chalet","17":"product_cat-cocina-comedor","18":"product_cat-garage","19":"product_cat-habitacon-de-servicio","20":"product_cat-parque","21":"product_cat-play-room","22":"product_cat-quinta","23":"product_cat-venta","25":"first","26":"instock","27":"shipping-taxable","28":"purchasable","29":"product-type-simple"},"yoast_head":"<!-- This site is optimized with the Yoast SEO plugin v27.6 - https:\/\/yoast.com\/product\/yoast-seo-wordpress\/ -->\n<title>Excelente casa quinta en dos plantas con piscina - Accord Propiedades<\/title>\n<meta name=\"description\" content=\"Chalet dos plantas en venta , tres dormitorios, cuatro ba\u00f1os. pileta, don torcuato, buenos aires, partido de tigre, accord propiedades, inobiliaria\" \/>\n<meta name=\"robots\" content=\"index, follow, max-snippet:-1, max-image-preview:large, max-video-preview:-1\" \/>\n<link rel=\"canonical\" href=\"https:\/\/accordpropiedades.com.ar\/index.php\/producto\/excelente-casa-quinta-en-dos-plantas-con-piscina\/\" \/>\n<meta property=\"og:locale\" content=\"es_ES\" \/>\n<meta property=\"og:type\" content=\"article\" \/>\n<meta property=\"og:title\" content=\"Excelente casa quinta en dos plantas con piscina - Accord Propiedades\" \/>\n<meta property=\"og:description\" content=\"Chalet dos plantas en venta , tres dormitorios, cuatro ba\u00f1os. pileta, don torcuato, buenos aires, partido de tigre, accord propiedades, inobiliaria\" \/>\n<meta property=\"og:url\" content=\"https:\/\/accordpropiedades.com.ar\/index.php\/producto\/excelente-casa-quinta-en-dos-plantas-con-piscina\/\" \/>\n<meta property=\"og:site_name\" content=\"Accord Propiedades\" \/>\n<meta property=\"article:modified_time\" content=\"2025-08-14T23:35:42+00:00\" \/>\n<meta property=\"og:image\" content=\"https:\/\/accordpropiedades.com.ar\/wp-content\/uploads\/2022\/04\/balbastro-1519.webp\" \/>\n\t<meta property=\"og:image:width\" content=\"1200\" \/>\n\t<meta property=\"og:image:height\" content=\"899\" \/>\n\t<meta property=\"og:image:type\" content=\"image\/webp\" \/>\n<meta name=\"twitter:card\" content=\"summary_large_image\" \/>\n<meta name=\"twitter:label1\" content=\"Tiempo de lectura\" \/>\n\t<meta name=\"twitter:data1\" content=\"1 minuto\" \/>\n<script type=\"application\/ld+json\" class=\"yoast-schema-graph\">{\"@context\":\"https:\\\/\\\/schema.org\",\"@graph\":[{\"@type\":\"WebPage\",\"@id\":\"https:\\\/\\\/accordpropiedades.com.ar\\\/index.php\\\/producto\\\/excelente-casa-quinta-en-dos-plantas-con-piscina\\\/\",\"url\":\"https:\\\/\\\/accordpropiedades.com.ar\\\/index.php\\\/producto\\\/excelente-casa-quinta-en-dos-plantas-con-piscina\\\/\",\"name\":\"Excelente casa quinta en dos plantas con piscina - Accord Propiedades\",\"isPartOf\":{\"@id\":\"https:\\\/\\\/accordpropiedades.com.ar\\\/#website\"},\"primaryImageOfPage\":{\"@id\":\"https:\\\/\\\/accordpropiedades.com.ar\\\/index.php\\\/producto\\\/excelente-casa-quinta-en-dos-plantas-con-piscina\\\/#primaryimage\"},\"image\":{\"@id\":\"https:\\\/\\\/accordpropiedades.com.ar\\\/index.php\\\/producto\\\/excelente-casa-quinta-en-dos-plantas-con-piscina\\\/#primaryimage\"},\"thumbnailUrl\":\"https:\\\/\\\/accordpropiedades.com.ar\\\/wp-content\\\/uploads\\\/2022\\\/04\\\/balbastro-1519.webp\",\"datePublished\":\"2022-04-28T01:09:19+00:00\",\"dateModified\":\"2025-08-14T23:35:42+00:00\",\"description\":\"Chalet dos plantas en venta , tres dormitorios, cuatro ba\u00f1os. pileta, don torcuato, buenos aires, partido de tigre, accord propiedades, inobiliaria\",\"breadcrumb\":{\"@id\":\"https:\\\/\\\/accordpropiedades.com.ar\\\/index.php\\\/producto\\\/excelente-casa-quinta-en-dos-plantas-con-piscina\\\/#breadcrumb\"},\"inLanguage\":\"es\",\"potentialAction\":[{\"@type\":\"ReadAction\",\"target\":[\"https:\\\/\\\/accordpropiedades.com.ar\\\/index.php\\\/producto\\\/excelente-casa-quinta-en-dos-plantas-con-piscina\\\/\"]}]},{\"@type\":\"ImageObject\",\"inLanguage\":\"es\",\"@id\":\"https:\\\/\\\/accordpropiedades.com.ar\\\/index.php\\\/producto\\\/excelente-casa-quinta-en-dos-plantas-con-piscina\\\/#primaryimage\",\"url\":\"https:\\\/\\\/accordpropiedades.com.ar\\\/wp-content\\\/uploads\\\/2022\\\/04\\\/balbastro-1519.webp\",\"contentUrl\":\"https:\\\/\\\/accordpropiedades.com.ar\\\/wp-content\\\/uploads\\\/2022\\\/04\\\/balbastro-1519.webp\",\"width\":1200,\"height\":899},{\"@type\":\"BreadcrumbList\",\"@id\":\"https:\\\/\\\/accordpropiedades.com.ar\\\/index.php\\\/producto\\\/excelente-casa-quinta-en-dos-plantas-con-piscina\\\/#breadcrumb\",\"itemListElement\":[{\"@type\":\"ListItem\",\"position\":1,\"name\":\"Portada\",\"item\":\"https:\\\/\\\/accordpropiedades.com.ar\\\/\"},{\"@type\":\"ListItem\",\"position\":2,\"name\":\"Tienda\",\"item\":\"https:\\\/\\\/accordpropiedades.com.ar\\\/index.php\\\/tienda\\\/\"},{\"@type\":\"ListItem\",\"position\":3,\"name\":\"Excelente casa quinta en dos plantas con piscina\"}]},{\"@type\":\"WebSite\",\"@id\":\"https:\\\/\\\/accordpropiedades.com.ar\\\/#website\",\"url\":\"https:\\\/\\\/accordpropiedades.com.ar\\\/\",\"name\":\"Accord Propiedades\",\"description\":\"\",\"publisher\":{\"@id\":\"https:\\\/\\\/accordpropiedades.com.ar\\\/#organization\"},\"potentialAction\":[{\"@type\":\"SearchAction\",\"target\":{\"@type\":\"EntryPoint\",\"urlTemplate\":\"https:\\\/\\\/accordpropiedades.com.ar\\\/?s={search_term_string}\"},\"query-input\":{\"@type\":\"PropertyValueSpecification\",\"valueRequired\":true,\"valueName\":\"search_term_string\"}}],\"inLanguage\":\"es\"},{\"@type\":\"Organization\",\"@id\":\"https:\\\/\\\/accordpropiedades.com.ar\\\/#organization\",\"name\":\"Accord Propiedades\",\"url\":\"https:\\\/\\\/accordpropiedades.com.ar\\\/\",\"logo\":{\"@type\":\"ImageObject\",\"inLanguage\":\"es\",\"@id\":\"https:\\\/\\\/accordpropiedades.com.ar\\\/#\\\/schema\\\/logo\\\/image\\\/\",\"url\":\"https:\\\/\\\/accordpropiedades.com.ar\\\/wp-content\\\/uploads\\\/2021\\\/08\\\/cropped-acoord1-1.png\",\"contentUrl\":\"https:\\\/\\\/accordpropiedades.com.ar\\\/wp-content\\\/uploads\\\/2021\\\/08\\\/cropped-acoord1-1.png\",\"width\":243,\"height\":64,\"caption\":\"Accord Propiedades\"},\"image\":{\"@id\":\"https:\\\/\\\/accordpropiedades.com.ar\\\/#\\\/schema\\\/logo\\\/image\\\/\"}}]}<\/script>\n<!-- \/ Yoast SEO plugin. -->","yoast_head_json":{"title":"Excelente casa quinta en dos plantas con piscina - Accord Propiedades","description":"Chalet dos plantas en venta , tres dormitorios, cuatro ba\u00f1os. pileta, don torcuato, buenos aires, partido de tigre, accord propiedades, inobiliaria","robots":{"index":"index","follow":"follow","max-snippet":"max-snippet:-1","max-image-preview":"max-image-preview:large","max-video-preview":"max-video-preview:-1"},"canonical":"https:\/\/accordpropiedades.com.ar\/index.php\/producto\/excelente-casa-quinta-en-dos-plantas-con-piscina\/","og_locale":"es_ES","og_type":"article","og_title":"Excelente casa quinta en dos plantas con piscina - Accord Propiedades","og_description":"Chalet dos plantas en venta , tres dormitorios, cuatro ba\u00f1os. pileta, don torcuato, buenos aires, partido de tigre, accord propiedades, inobiliaria","og_url":"https:\/\/accordpropiedades.com.ar\/index.php\/producto\/excelente-casa-quinta-en-dos-plantas-con-piscina\/","og_site_name":"Accord Propiedades","article_modified_time":"2025-08-14T23:35:42+00:00","og_image":[{"width":1200,"height":899,"url":"https:\/\/accordpropiedades.com.ar\/wp-content\/uploads\/2022\/04\/balbastro-1519.webp","type":"image\/webp"}],"twitter_card":"summary_large_image","twitter_misc":{"Tiempo de lectura":"1 minuto"},"schema":{"@context":"https:\/\/schema.org","@graph":[{"@type":"WebPage","@id":"https:\/\/accordpropiedades.com.ar\/index.php\/producto\/excelente-casa-quinta-en-dos-plantas-con-piscina\/","url":"https:\/\/accordpropiedades.com.ar\/index.php\/producto\/excelente-casa-quinta-en-dos-plantas-con-piscina\/","name":"Excelente casa quinta en dos plantas con piscina - Accord Propiedades","isPartOf":{"@id":"https:\/\/accordpropiedades.com.ar\/#website"},"primaryImageOfPage":{"@id":"https:\/\/accordpropiedades.com.ar\/index.php\/producto\/excelente-casa-quinta-en-dos-plantas-con-piscina\/#primaryimage"},"image":{"@id":"https:\/\/accordpropiedades.com.ar\/index.php\/producto\/excelente-casa-quinta-en-dos-plantas-con-piscina\/#primaryimage"},"thumbnailUrl":"https:\/\/accordpropiedades.com.ar\/wp-content\/uploads\/2022\/04\/balbastro-1519.webp","datePublished":"2022-04-28T01:09:19+00:00","dateModified":"2025-08-14T23:35:42+00:00","description":"Chalet dos plantas en venta , tres dormitorios, cuatro ba\u00f1os. pileta, don torcuato, buenos aires, partido de tigre, accord propiedades, inobiliaria","breadcrumb":{"@id":"https:\/\/accordpropiedades.com.ar\/index.php\/producto\/excelente-casa-quinta-en-dos-plantas-con-piscina\/#breadcrumb"},"inLanguage":"es","potentialAction":[{"@type":"ReadAction","target":["https:\/\/accordpropiedades.com.ar\/index.php\/producto\/excelente-casa-quinta-en-dos-plantas-con-piscina\/"]}]},{"@type":"ImageObject","inLanguage":"es","@id":"https:\/\/accordpropiedades.com.ar\/index.php\/producto\/excelente-casa-quinta-en-dos-plantas-con-piscina\/#primaryimage","url":"https:\/\/accordpropiedades.com.ar\/wp-content\/uploads\/2022\/04\/balbastro-1519.webp","contentUrl":"https:\/\/accordpropiedades.com.ar\/wp-content\/uploads\/2022\/04\/balbastro-1519.webp","width":1200,"height":899},{"@type":"BreadcrumbList","@id":"https:\/\/accordpropiedades.com.ar\/index.php\/producto\/excelente-casa-quinta-en-dos-plantas-con-piscina\/#breadcrumb","itemListElement":[{"@type":"ListItem","position":1,"name":"Portada","item":"https:\/\/accordpropiedades.com.ar\/"},{"@type":"ListItem","position":2,"name":"Tienda","item":"https:\/\/accordpropiedades.com.ar\/index.php\/tienda\/"},{"@type":"ListItem","position":3,"name":"Excelente casa quinta en dos plantas con piscina"}]},{"@type":"WebSite","@id":"https:\/\/accordpropiedades.com.ar\/#website","url":"https:\/\/accordpropiedades.com.ar\/","name":"Accord Propiedades","description":"","publisher":{"@id":"https:\/\/accordpropiedades.com.ar\/#organization"},"potentialAction":[{"@type":"SearchAction","target":{"@type":"EntryPoint","urlTemplate":"https:\/\/accordpropiedades.com.ar\/?s={search_term_string}"},"query-input":{"@type":"PropertyValueSpecification","valueRequired":true,"valueName":"search_term_string"}}],"inLanguage":"es"},{"@type":"Organization","@id":"https:\/\/accordpropiedades.com.ar\/#organization","name":"Accord Propiedades","url":"https:\/\/accordpropiedades.com.ar\/","logo":{"@type":"ImageObject","inLanguage":"es","@id":"https:\/\/accordpropiedades.com.ar\/#\/schema\/logo\/image\/","url":"https:\/\/accordpropiedades.com.ar\/wp-content\/uploads\/2021\/08\/cropped-acoord1-1.png","contentUrl":"https:\/\/accordpropiedades.com.ar\/wp-content\/uploads\/2021\/08\/cropped-acoord1-1.png","width":243,"height":64,"caption":"Accord Propiedades"},"image":{"@id":"https:\/\/accordpropiedades.com.ar\/#\/schema\/logo\/image\/"}}]}},"_links":{"self":[{"href":"https:\/\/accordpropiedades.com.ar\/index.php\/wp-json\/wp\/v2\/product\/953","targetHints":{"allow":["GET"]}}],"collection":[{"href":"https:\/\/accordpropiedades.com.ar\/index.php\/wp-json\/wp\/v2\/product"}],"about":[{"href":"https:\/\/accordpropiedades.com.ar\/index.php\/wp-json\/wp\/v2\/types\/product"}],"replies":[{"embeddable":true,"href":"https:\/\/accordpropiedades.com.ar\/index.php\/wp-json\/wp\/v2\/comments?post=953"}],"version-history":[{"count":6,"href":"https:\/\/accordpropiedades.com.ar\/index.php\/wp-json\/wp\/v2\/product\/953\/revisions"}],"predecessor-version":[{"id":1307,"href":"https:\/\/accordpropiedades.com.ar\/index.php\/wp-json\/wp\/v2\/product\/953\/revisions\/1307"}],"wp:featuredmedia":[{"embeddable":true,"href":"https:\/\/accordpropiedades.com.ar\/index.php\/wp-json\/wp\/v2\/media\/955"}],"wp:attachment":[{"href":"https:\/\/accordpropiedades.com.ar\/index.php\/wp-json\/wp\/v2\/media?parent=953"}],"wp:term":[{"taxonomy":"product_brand","embeddable":true,"href":"https:\/\/accordpropiedades.com.ar\/index.php\/wp-json\/wp\/v2\/product_brand?post=953"},{"taxonomy":"product_cat","embeddable":true,"href":"https:\/\/accordpropiedades.com.ar\/index.php\/wp-json\/wp\/v2\/product_cat?post=953"},{"taxonomy":"product_tag","embeddable":true,"href":"https:\/\/accordpropiedades.com.ar\/index.php\/wp-json\/wp\/v2\/product_tag?post=953"}],"curies":[{"name":"wp","href":"https:\/\/api.w.org\/{rel}","templated":true}]}}